{"id":1017,"date":"2021-01-03T17:34:25","date_gmt":"2021-01-03T16:34:25","guid":{"rendered":"https:\/\/brunel.tech\/?page_id=1017"},"modified":"2026-03-03T15:25:49","modified_gmt":"2026-03-03T14:25:49","slug":"presentation","status":"publish","type":"page","link":"https:\/\/brunel.tech\/","title":{"rendered":"Pr\u00e9sentation"},"content":{"rendered":"\n<h3 class=\"wp-block-heading\">Enseignement<\/h3>\n\n\n\n<div class=\"wp-block-columns is-layout-flex wp-container-core-columns-is-layout-28f84493 wp-block-columns-is-layout-flex\">\n<div class=\"wp-block-column is-layout-flow wp-block-column-is-layout-flow\">\n<figure class=\"wp-block-image size-full\"><a href=\"https:\/\/brunel.tech\/index.php\/10-h-de-steam-en-master-1-pe\/\"><img loading=\"lazy\" decoding=\"async\" width=\"765\" height=\"426\" src=\"https:\/\/brunel.tech\/wp-content\/uploads\/2023\/12\/Capture-decran-2023-12-10-a-20.01.16.png\" alt=\"\" class=\"wp-image-2181\"\/><\/a><\/figure>\n<\/div>\n\n\n\n<div class=\"wp-block-column is-layout-flow wp-block-column-is-layout-flow\">\n<figure class=\"wp-block-image size-full\"><a href=\"https:\/\/brunel.tech\/index.php\/steam-en-m2-pe\/\"><img loading=\"lazy\" decoding=\"async\" width=\"765\" height=\"426\" src=\"https:\/\/brunel.tech\/wp-content\/uploads\/2023\/12\/Capture-decran-2023-12-10-a-20.01.26.png\" alt=\"\" class=\"wp-image-2182\"\/><\/a><\/figure>\n<\/div>\n\n\n\n<div class=\"wp-block-column is-layout-flow wp-block-column-is-layout-flow\">\n<figure class=\"wp-block-image size-full\"><a href=\"https:\/\/brunel.tech\/index.php\/pour-les-s2it\/\"><img loading=\"lazy\" decoding=\"async\" width=\"765\" height=\"426\" src=\"https:\/\/brunel.tech\/wp-content\/uploads\/2023\/12\/Capture-decran-2023-12-10-a-20.01.36.png\" alt=\"\" class=\"wp-image-2184\"\/><\/a><\/figure>\n<\/div>\n<\/div>\n\n\n\n<hr class=\"wp-block-separator alignfull has-alpha-channel-opacity\"\/>\n\n\n\n<h3 class=\"wp-block-heading\">Vulgarisation scientifique<\/h3>\n\n\n\n<div class=\"wp-block-media-text is-stacked-on-mobile\" style=\"grid-template-columns:15% auto\"><figure class=\"wp-block-media-text__media\"><a href=\"https:\/\/brunel.tech\/index.php\/les-conferences-publiques-que-je-donne\/\" target=\"_blank\" rel=\"noreferrer noopener\"><img loading=\"lazy\" decoding=\"async\" width=\"848\" height=\"1024\" src=\"https:\/\/brunel.tech\/wp-content\/uploads\/2026\/03\/IMG_4980.jpg\" alt=\"\" class=\"wp-image-2875 size-full\"\/><\/a><\/figure><div class=\"wp-block-media-text__content\">\n<h5 class=\"wp-block-heading has-text-align-center\"> Les conf\u00e9rences que je donne &#8230;<\/h5>\n<\/div><\/div>\n\n\n\n<hr class=\"wp-block-separator alignfull has-alpha-channel-opacity\"\/>\n\n\n\n<h3 class=\"wp-block-heading\">Engagements b\u00e9n\u00e9voles<\/h3>\n\n\n\n<div class=\"wp-block-columns alignwide is-layout-flex wp-container-core-columns-is-layout-28f84493 wp-block-columns-is-layout-flex\">\n<div class=\"wp-block-column is-vertically-aligned-center is-layout-flow wp-block-column-is-layout-flow\">\n<div class=\"wp-block-media-text is-stacked-on-mobile\" style=\"grid-template-columns:45% auto\"><figure class=\"wp-block-media-text__media\"><a href=\"https:\/\/www.robocup.fr\/robocup-junior\" target=\"_blank\" rel=\"noreferrer noopener\"><img loading=\"lazy\" decoding=\"async\" width=\"185\" height=\"81\" src=\"https:\/\/brunel.tech\/wp-content\/uploads\/2023\/12\/Capture-decran-2023-12-10-a-19.39.04.png\" alt=\"\" class=\"wp-image-2177 size-full\"\/><\/a><\/figure><div class=\"wp-block-media-text__content\">\n<h6 class=\"wp-block-heading\">Former Chair RobocupJunior France<\/h6>\n<\/div><\/div>\n<\/div>\n\n\n\n<div class=\"wp-block-column is-vertically-aligned-center is-layout-flow wp-block-column-is-layout-flow\">\n<div class=\"wp-block-media-text is-stacked-on-mobile\" style=\"grid-template-columns:44% auto\"><figure class=\"wp-block-media-text__media\"><a href=\"http:\/\/laligue33.org\/\" target=\"_blank\" rel=\"noreferrer noopener\"><img loading=\"lazy\" decoding=\"async\" width=\"630\" height=\"383\" src=\"https:\/\/brunel.tech\/wp-content\/uploads\/2023\/12\/Logo_Ligue_33_CMJN.jpg\" alt=\"\" class=\"wp-image-2178 size-full\"\/><\/a><\/figure><div class=\"wp-block-media-text__content\">\n<h6 class=\"wp-block-heading\">Pr\u00e9sident de la Ligue de l&rsquo;Enseignement de la Gironde<\/h6>\n<\/div><\/div>\n<\/div>\n\n\n\n<div class=\"wp-block-column is-vertically-aligned-center is-layout-flow wp-block-column-is-layout-flow\">\n<div class=\"wp-block-media-text is-stacked-on-mobile\" style=\"grid-template-columns:34% auto\"><figure class=\"wp-block-media-text__media\"><a href=\"https:\/\/anfs2i.fr\/\" target=\"_blank\" rel=\"noreferrer noopener\"><img loading=\"lazy\" decoding=\"async\" width=\"371\" height=\"408\" src=\"https:\/\/brunel.tech\/wp-content\/uploads\/2024\/01\/ANFS2i.jpg\" alt=\"\" class=\"wp-image-2268 size-full\"\/><\/a><\/figure><div class=\"wp-block-media-text__content\">\n<h6 class=\"wp-block-heading\">Fondateur de l&rsquo;Association Nationale des Formateurs en Sciences Industrielles et de l&rsquo;Ing\u00e9nieur en Universit\u00e9<\/h6>\n<\/div><\/div>\n<\/div>\n\n\n\n<div class=\"wp-block-column is-layout-flow wp-block-column-is-layout-flow\">\n<div class=\"wp-block-media-text is-stacked-on-mobile\" style=\"grid-template-columns:43% auto\"><figure class=\"wp-block-media-text__media\"><a href=\"https:\/\/prophilo.fr\/\" target=\"_blank\" rel=\"noreferrer noopener\"><img loading=\"lazy\" decoding=\"async\" width=\"1535\" height=\"624\" src=\"https:\/\/brunel.tech\/wp-content\/uploads\/2023\/12\/LOGO-PRO-PHILO-bleu-1.jpg\" alt=\"\" class=\"wp-image-2179 size-full\"\/><\/a><\/figure><div class=\"wp-block-media-text__content\">\n<h6 class=\"wp-block-heading\">Faire de la Philosophie en donnant la parole aux jeunes de Lyc\u00e9es Professionnels<\/h6>\n<\/div><\/div>\n<\/div>\n<\/div>\n\n\n\n<div class=\"wp-block-columns is-layout-flex wp-container-core-columns-is-layout-28f84493 wp-block-columns-is-layout-flex\">\n<div class=\"wp-block-column is-layout-flow wp-block-column-is-layout-flow\">\n<div class=\"wp-block-media-text is-stacked-on-mobile\" style=\"grid-template-columns:30% auto\"><figure class=\"wp-block-media-text__media\"><a href=\"https:\/\/www.poppy-station.org\/\" target=\"_blank\" rel=\"noreferrer noopener\"><img loading=\"lazy\" decoding=\"async\" width=\"540\" height=\"234\" src=\"https:\/\/brunel.tech\/wp-content\/uploads\/2024\/03\/Logo-Poppy-Station.png\" alt=\"\" class=\"wp-image-2308 size-full\"\/><\/a><\/figure><div class=\"wp-block-media-text__content\">\n<h6 class=\"wp-block-heading\">Pr\u00e9sident du Consortium International Poppy Station<\/h6>\n<\/div><\/div>\n<\/div>\n\n\n\n<div class=\"wp-block-column is-layout-flow wp-block-column-is-layout-flow\"><\/div>\n<\/div>\n\n\n\n<hr class=\"wp-block-separator alignfull has-alpha-channel-opacity\"\/>\n\n\n\n<h3 class=\"wp-block-heading\">Exp\u00e9riences de vie<\/h3>\n\n\n\n<div class=\"wp-block-columns is-layout-flex wp-container-core-columns-is-layout-28f84493 wp-block-columns-is-layout-flex\">\n<div class=\"wp-block-column is-layout-flow wp-block-column-is-layout-flow\">\n<h5 class=\"wp-block-heading\">Pass\u00e9es<\/h5>\n<\/div>\n\n\n\n<div class=\"wp-block-column is-layout-flow wp-block-column-is-layout-flow\">\n<h5 class=\"wp-block-heading\">Pr\u00e9sentes<\/h5>\n<\/div>\n<\/div>\n\n\n\n<div class=\"wp-block-columns is-layout-flex wp-container-core-columns-is-layout-28f84493 wp-block-columns-is-layout-flex\">\n<div class=\"wp-block-column is-layout-flow wp-block-column-is-layout-flow\">\n<div class=\"wp-block-media-text is-stacked-on-mobile\" style=\"grid-template-columns:27% auto\"><figure class=\"wp-block-media-text__media\"><a href=\"https:\/\/brunel.tech\/index.php\/nasa\/\" target=\"_blank\" rel=\" noreferrer noopener\"><img loading=\"lazy\" decoding=\"async\" width=\"720\" height=\"1024\" src=\"https:\/\/brunel.tech\/wp-content\/uploads\/2020\/09\/Nasa-720x1024.jpeg\" alt=\"\" class=\"wp-image-858 size-full\" srcset=\"https:\/\/brunel.tech\/wp-content\/uploads\/2020\/09\/Nasa-720x1024.jpeg 720w, https:\/\/brunel.tech\/wp-content\/uploads\/2020\/09\/Nasa-211x300.jpeg 211w, https:\/\/brunel.tech\/wp-content\/uploads\/2020\/09\/Nasa-768x1092.jpeg 768w, https:\/\/brunel.tech\/wp-content\/uploads\/2020\/09\/Nasa-1080x1536.jpeg 1080w, https:\/\/brunel.tech\/wp-content\/uploads\/2020\/09\/Nasa.jpeg 1146w\" sizes=\"auto, (max-width: 720px) 100vw, 720px\" \/><\/a><\/figure><div class=\"wp-block-media-text__content\">\n<h5 class=\"wp-block-heading\">Sp\u00e9cialiste invit\u00e9 au Langley Research Center &#8230; NASA en 2001<\/h5>\n<\/div><\/div>\n<\/div>\n\n\n\n<div class=\"wp-block-column is-layout-flow wp-block-column-is-layout-flow\">\n<div class=\"wp-block-media-text is-stacked-on-mobile\" style=\"grid-template-columns:37% auto\"><figure class=\"wp-block-media-text__media\"><a href=\"http:\/\/www.fragments.asso.fr\/blog\/fragments\/\" target=\"_blank\" rel=\"noreferrer noopener\"><img loading=\"lazy\" decoding=\"async\" width=\"272\" height=\"276\" src=\"https:\/\/brunel.tech\/wp-content\/uploads\/2022\/10\/fragment1.png\" alt=\"\" class=\"wp-image-1675 size-full\"\/><\/a><\/figure><div class=\"wp-block-media-text__content\">\n<h5 class=\"wp-block-heading\">Fragments <\/h5>\n\n\n\n<p>ou la Transmission de la m\u00e9moire de la Shoah &#8230; <\/p>\n<\/div><\/div>\n<\/div>\n<\/div>\n\n\n\n<hr class=\"wp-block-separator alignfull has-alpha-channel-opacity\"\/>\n\n\n\n<h4 class=\"wp-block-heading\">Un anc\u00eatre \u00e9patant &#8230; <a href=\"https:\/\/brunel.tech\/index.php\/un-ancetre-epatant\/\" target=\"_blank\" rel=\"noreferrer noopener\">ici<\/a><\/h4>\n","protected":false},"excerpt":{"rendered":"<p>Enseignement Vulgarisation scientifique Les conf\u00e9rences que je donne &#8230; Engagements b\u00e9n\u00e9voles Former Chair RobocupJunior France Pr\u00e9sident de la Ligue de l&rsquo;Enseignement de la Gironde Fondateur de l&rsquo;Association Nationale des Formateurs en Sciences Industrielles et de l&rsquo;Ing\u00e9nieur en Universit\u00e9 Faire de la Philosophie en donnant la parole aux jeunes de Lyc\u00e9es Professionnels Pr\u00e9sident du Consortium International [&hellip;]<\/p>\n","protected":false},"author":1,"featured_media":0,"parent":0,"menu_order":0,"comment_status":"closed","ping_status":"closed","template":"","meta":{"site-sidebar-layout":"default","site-content-layout":"default","ast-site-content-layout":"default","site-content-style":"default","site-sidebar-style":"default","ast-global-header-display":"","ast-banner-title-visibility":"","ast-main-header-display":"","ast-hfb-above-header-display":"","ast-hfb-below-header-display":"","ast-hfb-mobile-header-display":"","site-post-title":"disabled","ast-breadcrumbs-content":"","ast-featured-img":"","footer-sml-layout":"","ast-disable-related-posts":"","theme-transparent-header-meta":"default","adv-header-id-meta":"","stick-header-meta":"","header-above-stick-meta":"","header-main-stick-meta":"","header-below-stick-meta":"","astra-migrate-meta-layouts":"set","ast-page-background-enabled":"default","ast-page-background-meta":{"desktop":{"background-color":"","background-image":"","background-repeat":"repeat","background-position":"center center","background-size":"auto","background-attachment":"scroll","background-type":"","background-media":"","overlay-type":"","overlay-color":"","overlay-opacity":"","overlay-gradient":""},"tablet":{"background-color":"","background-image":"","background-repeat":"repeat","background-position":"center center","background-size":"auto","background-attachment":"scroll","background-type":"","background-media":"","overlay-type":"","overlay-color":"","overlay-opacity":"","overlay-gradient":""},"mobile":{"background-color":"","background-image":"","background-repeat":"repeat","background-position":"center center","background-size":"auto","background-attachment":"scroll","background-type":"","background-media":"","overlay-type":"","overlay-color":"","overlay-opacity":"","overlay-gradient":""}},"ast-content-background-meta":{"desktop":{"background-color":"var(--ast-global-color-5)","background-image":"","background-repeat":"repeat","background-position":"center center","background-size":"auto","background-attachment":"scroll","background-type":"","background-media":"","overlay-type":"","overlay-color":"","overlay-opacity":"","overlay-gradient":""},"tablet":{"background-color":"var(--ast-global-color-5)","background-image":"","background-repeat":"repeat","background-position":"center center","background-size":"auto","background-attachment":"scroll","background-type":"","background-media":"","overlay-type":"","overlay-color":"","overlay-opacity":"","overlay-gradient":""},"mobile":{"background-color":"var(--ast-global-color-5)","background-image":"","background-repeat":"repeat","background-position":"center center","background-size":"auto","background-attachment":"scroll","background-type":"","background-media":"","overlay-type":"","overlay-color":"","overlay-opacity":"","overlay-gradient":""}},"footnotes":""},"class_list":["post-1017","page","type-page","status-publish","hentry"],"_links":{"self":[{"href":"https:\/\/brunel.tech\/index.php\/wp-json\/wp\/v2\/pages\/1017","targetHints":{"allow":["GET"]}}],"collection":[{"href":"https:\/\/brunel.tech\/index.php\/wp-json\/wp\/v2\/pages"}],"about":[{"href":"https:\/\/brunel.tech\/index.php\/wp-json\/wp\/v2\/types\/page"}],"author":[{"embeddable":true,"href":"https:\/\/brunel.tech\/index.php\/wp-json\/wp\/v2\/users\/1"}],"replies":[{"embeddable":true,"href":"https:\/\/brunel.tech\/index.php\/wp-json\/wp\/v2\/comments?post=1017"}],"version-history":[{"count":115,"href":"https:\/\/brunel.tech\/index.php\/wp-json\/wp\/v2\/pages\/1017\/revisions"}],"predecessor-version":[{"id":2900,"href":"https:\/\/brunel.tech\/index.php\/wp-json\/wp\/v2\/pages\/1017\/revisions\/2900"}],"wp:attachment":[{"href":"https:\/\/brunel.tech\/index.php\/wp-json\/wp\/v2\/media?parent=1017"}],"curies":[{"name":"wp","href":"https:\/\/api.w.org\/{rel}","templated":true}]}}