{"id":1086,"date":"2021-02-04T15:15:00","date_gmt":"2021-02-04T14:15:00","guid":{"rendered":"https:\/\/brunel.tech\/?page_id=1086"},"modified":"2022-10-19T10:34:40","modified_gmt":"2022-10-19T08:34:40","slug":"robotique-en-maternelle","status":"publish","type":"page","link":"https:\/\/brunel.tech\/index.php\/robotique-en-maternelle\/","title":{"rendered":"Robotique en maternelle"},"content":{"rendered":"\n<div class=\"wp-block-media-text alignwide is-stacked-on-mobile\" style=\"grid-template-columns:18% auto\"><figure class=\"wp-block-media-text__media\"><img loading=\"lazy\" decoding=\"async\" width=\"342\" height=\"311\" src=\"https:\/\/brunel.tech\/wp-content\/uploads\/2021\/02\/Capture-de\u0301cran-2021-02-04-a\u0300-15.13.04-2.png\" alt=\"\" class=\"wp-image-1089 size-full\" srcset=\"https:\/\/brunel.tech\/wp-content\/uploads\/2021\/02\/Capture-de\u0301cran-2021-02-04-a\u0300-15.13.04-2.png 342w, https:\/\/brunel.tech\/wp-content\/uploads\/2021\/02\/Capture-de\u0301cran-2021-02-04-a\u0300-15.13.04-2-300x273.png 300w\" sizes=\"auto, (max-width: 342px) 100vw, 342px\" \/><\/figure><div class=\"wp-block-media-text__content\">\n<p>Des albums : <a href=\"http:\/\/materalbum.free.fr\/robots\/fichier.htm\">http:\/\/materalbum.free.fr\/robots\/fichier.htm<\/a><\/p>\n<\/div><\/div>\n\n\n\n<hr class=\"wp-block-separator has-css-opacity\"\/>\n\n\n\n<div class=\"wp-block-buttons is-layout-flex wp-block-buttons-is-layout-flex\">\n<div class=\"wp-block-button\"><a class=\"wp-block-button__link\" href=\"https:\/\/primabord.eduscol.education.fr\/le-kit-decouverte-de-la-robotique-en-maternelle\" target=\"_blank\" rel=\"noreferrer noopener\">D\u00e9couverte de la Robotique en maternelle &#8230;<\/a><\/div>\n<\/div>\n\n\n\n<hr class=\"wp-block-separator has-alpha-channel-opacity\"\/>\n\n\n\n<div class=\"wp-block-media-text alignwide is-stacked-on-mobile\" style=\"grid-template-columns:15% auto\"><figure class=\"wp-block-media-text__media\"><img loading=\"lazy\" decoding=\"async\" width=\"274\" height=\"253\" src=\"https:\/\/brunel.tech\/wp-content\/uploads\/2022\/03\/Capture-de\u0301cran-2022-03-18-a\u0300-10.54.29.png\" alt=\"\" class=\"wp-image-1530 size-full\"\/><\/figure><div class=\"wp-block-media-text__content\">\n<h2 class=\"wp-block-heading\">Des possibles avec Beebot<\/h2>\n<\/div><\/div>\n\n\n\n<h4 class=\"wp-block-heading\">Une s\u00e9quence test\u00e9e et valid\u00e9e en Cycle1 &#8211; Moyenne &#8211; Grande Section<\/h4>\n\n\n\n<div data-wp-interactive=\"core\/file\" class=\"wp-block-file\"><object data-wp-bind--hidden=\"!state.hasPdfPreview\" hidden class=\"wp-block-file__embed\" data=\"https:\/\/brunel.tech\/wp-content\/uploads\/2022\/03\/Se\u0301quence-BB-2022.pdf\" type=\"application\/pdf\" style=\"width:100%;height:600px\" aria-label=\"Contenu embarqu\u00e9 Contenu embarqu\u00e9 Se\u0301quence-BB-2022..\"><\/object><a id=\"wp-block-file--media-6ee3cd89-56ea-49d8-a440-552865beb444\" href=\"https:\/\/brunel.tech\/wp-content\/uploads\/2022\/03\/Se\u0301quence-BB-2022.pdf\">Se\u0301quence-BB-2022<\/a><a href=\"https:\/\/brunel.tech\/wp-content\/uploads\/2022\/03\/Se\u0301quence-BB-2022.pdf\" class=\"wp-block-file__button\" download aria-describedby=\"wp-block-file--media-6ee3cd89-56ea-49d8-a440-552865beb444\">T\u00e9l\u00e9charger<\/a><\/div>\n\n\n\n<hr class=\"wp-block-separator has-css-opacity\"\/>\n","protected":false},"excerpt":{"rendered":"<p>Des albums : http:\/\/materalbum.free.fr\/robots\/fichier.htm Des possibles avec Beebot Une s\u00e9quence test\u00e9e et valid\u00e9e en Cycle1 &#8211; Moyenne &#8211; Grande Section<\/p>\n","protected":false},"author":1,"featured_media":0,"parent":0,"menu_order":0,"comment_status":"closed","ping_status":"closed","template":"","meta":{"site-sidebar-layout":"default","site-content-layout":"default","ast-site-content-layout":"default","site-content-style":"default","site-sidebar-style":"default","ast-global-header-display":"","ast-banner-title-visibility":"","ast-main-header-display":"","ast-hfb-above-header-display":"","ast-hfb-below-header-display":"","ast-hfb-mobile-header-display":"","site-post-title":"","ast-breadcrumbs-content":"","ast-featured-img":"","footer-sml-layout":"","ast-disable-related-posts":"","theme-transparent-header-meta":"default","adv-header-id-meta":"","stick-header-meta":"","header-above-stick-meta":"","header-main-stick-meta":"","header-below-stick-meta":"","astra-migrate-meta-layouts":"default","ast-page-background-enabled":"default","ast-page-background-meta":{"desktop":{"background-color":"","background-image":"","background-repeat":"repeat","background-position":"center center","background-size":"auto","background-attachment":"scroll","background-type":"","background-media":"","overlay-type":"","overlay-color":"","overlay-opacity":"","overlay-gradient":""},"tablet":{"background-color":"","background-image":"","background-repeat":"repeat","background-position":"center center","background-size":"auto","background-attachment":"scroll","background-type":"","background-media":"","overlay-type":"","overlay-color":"","overlay-opacity":"","overlay-gradient":""},"mobile":{"background-color":"","background-image":"","background-repeat":"repeat","background-position":"center center","background-size":"auto","background-attachment":"scroll","background-type":"","background-media":"","overlay-type":"","overlay-color":"","overlay-opacity":"","overlay-gradient":""}},"ast-content-background-meta":{"desktop":{"background-color":"var(--ast-global-color-5)","background-image":"","background-repeat":"repeat","background-position":"center center","background-size":"auto","background-attachment":"scroll","background-type":"","background-media":"","overlay-type":"","overlay-color":"","overlay-opacity":"","overlay-gradient":""},"tablet":{"background-color":"var(--ast-global-color-5)","background-image":"","background-repeat":"repeat","background-position":"center center","background-size":"auto","background-attachment":"scroll","background-type":"","background-media":"","overlay-type":"","overlay-color":"","overlay-opacity":"","overlay-gradient":""},"mobile":{"background-color":"var(--ast-global-color-5)","background-image":"","background-repeat":"repeat","background-position":"center center","background-size":"auto","background-attachment":"scroll","background-type":"","background-media":"","overlay-type":"","overlay-color":"","overlay-opacity":"","overlay-gradient":""}},"footnotes":""},"class_list":["post-1086","page","type-page","status-publish","hentry"],"_links":{"self":[{"href":"https:\/\/brunel.tech\/index.php\/wp-json\/wp\/v2\/pages\/1086","targetHints":{"allow":["GET"]}}],"collection":[{"href":"https:\/\/brunel.tech\/index.php\/wp-json\/wp\/v2\/pages"}],"about":[{"href":"https:\/\/brunel.tech\/index.php\/wp-json\/wp\/v2\/types\/page"}],"author":[{"embeddable":true,"href":"https:\/\/brunel.tech\/index.php\/wp-json\/wp\/v2\/users\/1"}],"replies":[{"embeddable":true,"href":"https:\/\/brunel.tech\/index.php\/wp-json\/wp\/v2\/comments?post=1086"}],"version-history":[{"count":6,"href":"https:\/\/brunel.tech\/index.php\/wp-json\/wp\/v2\/pages\/1086\/revisions"}],"predecessor-version":[{"id":1690,"href":"https:\/\/brunel.tech\/index.php\/wp-json\/wp\/v2\/pages\/1086\/revisions\/1690"}],"wp:attachment":[{"href":"https:\/\/brunel.tech\/index.php\/wp-json\/wp\/v2\/media?parent=1086"}],"curies":[{"name":"wp","href":"https:\/\/api.w.org\/{rel}","templated":true}]}}