{"id":1238,"date":"2021-09-21T08:59:47","date_gmt":"2021-09-21T06:59:47","guid":{"rendered":"https:\/\/brunel.tech\/?page_id=1238"},"modified":"2021-09-21T09:20:03","modified_gmt":"2021-09-21T07:20:03","slug":"generateur-dengrenages","status":"publish","type":"page","link":"https:\/\/brunel.tech\/index.php\/generateur-dengrenages\/","title":{"rendered":"G\u00e9n\u00e9rateurs d&rsquo;engrenages"},"content":{"rendered":"\n<div class=\"wp-block-media-text alignwide is-stacked-on-mobile\" style=\"grid-template-columns:33% auto\"><figure class=\"wp-block-media-text__media\"><img loading=\"lazy\" decoding=\"async\" width=\"852\" height=\"771\" src=\"https:\/\/brunel.tech\/wp-content\/uploads\/2021\/09\/Capture-de\u0301cran-2021-09-21-a\u0300-09.00.11.png\" alt=\"\" class=\"wp-image-1240 size-full\" srcset=\"https:\/\/brunel.tech\/wp-content\/uploads\/2021\/09\/Capture-de\u0301cran-2021-09-21-a\u0300-09.00.11.png 852w, https:\/\/brunel.tech\/wp-content\/uploads\/2021\/09\/Capture-de\u0301cran-2021-09-21-a\u0300-09.00.11-300x271.png 300w, https:\/\/brunel.tech\/wp-content\/uploads\/2021\/09\/Capture-de\u0301cran-2021-09-21-a\u0300-09.00.11-768x695.png 768w\" sizes=\"auto, (max-width: 852px) 100vw, 852px\" \/><\/figure><div class=\"wp-block-media-text__content\">\n<p class=\"has-large-font-size\"> <a rel=\"noreferrer noopener\" href=\"https:\/\/geargenerator.com\/#200,200,100,6,1,3,0,4,1,8,2,4,27,-90,0,0,0,0,0,0,16,4,4,27,-60,0,0,0,0,1,1,12,1,12,20,-60,0,0,0,0,2,0,60,5,12,20,0,1,0,0,0,0,0,3,-515\" target=\"_blank\">G\u00e9n\u00e9rateur 1 &#8230;<\/a><\/p>\n<\/div><\/div>\n\n\n\n<div class=\"wp-block-media-text alignwide is-stacked-on-mobile\" style=\"grid-template-columns:33% auto\"><figure class=\"wp-block-media-text__media\"><img loading=\"lazy\" decoding=\"async\" width=\"697\" height=\"636\" src=\"https:\/\/brunel.tech\/wp-content\/uploads\/2021\/09\/Capture-de\u0301cran-2021-09-21-a\u0300-09.12.54.png\" alt=\"\" class=\"wp-image-1246 size-full\" srcset=\"https:\/\/brunel.tech\/wp-content\/uploads\/2021\/09\/Capture-de\u0301cran-2021-09-21-a\u0300-09.12.54.png 697w, https:\/\/brunel.tech\/wp-content\/uploads\/2021\/09\/Capture-de\u0301cran-2021-09-21-a\u0300-09.12.54-300x274.png 300w\" sizes=\"auto, (max-width: 697px) 100vw, 697px\" \/><\/figure><div class=\"wp-block-media-text__content\">\n<p class=\"has-large-font-size\"> <a href=\"https:\/\/woodgears.ca\/gear_cutting\/index.html\" target=\"_blank\" rel=\"noreferrer noopener\">G\u00e9n\u00e9rateur 2 &#8230;<\/a><\/p>\n<\/div><\/div>\n","protected":false},"excerpt":{"rendered":"<p>G\u00e9n\u00e9rateur 1 &#8230; G\u00e9n\u00e9rateur 2 &#8230;<\/p>\n","protected":false},"author":1,"featured_media":0,"parent":0,"menu_order":0,"comment_status":"closed","ping_status":"closed","template":"","meta":{"site-sidebar-layout":"default","site-content-layout":"default","ast-site-content-layout":"default","site-content-style":"default","site-sidebar-style":"default","ast-global-header-display":"","ast-banner-title-visibility":"","ast-main-header-display":"","ast-hfb-above-header-display":"","ast-hfb-below-header-display":"","ast-hfb-mobile-header-display":"","site-post-title":"","ast-breadcrumbs-content":"","ast-featured-img":"","footer-sml-layout":"","ast-disable-related-posts":"","theme-transparent-header-meta":"default","adv-header-id-meta":"","stick-header-meta":"","header-above-stick-meta":"","header-main-stick-meta":"","header-below-stick-meta":"","astra-migrate-meta-layouts":"default","ast-page-background-enabled":"default","ast-page-background-meta":{"desktop":{"background-color":"","background-image":"","background-repeat":"repeat","background-position":"center center","background-size":"auto","background-attachment":"scroll","background-type":"","background-media":"","overlay-type":"","overlay-color":"","overlay-opacity":"","overlay-gradient":""},"tablet":{"background-color":"","background-image":"","background-repeat":"repeat","background-position":"center center","background-size":"auto","background-attachment":"scroll","background-type":"","background-media":"","overlay-type":"","overlay-color":"","overlay-opacity":"","overlay-gradient":""},"mobile":{"background-color":"","background-image":"","background-repeat":"repeat","background-position":"center center","background-size":"auto","background-attachment":"scroll","background-type":"","background-media":"","overlay-type":"","overlay-color":"","overlay-opacity":"","overlay-gradient":""}},"ast-content-background-meta":{"desktop":{"background-color":"var(--ast-global-color-5)","background-image":"","background-repeat":"repeat","background-position":"center center","background-size":"auto","background-attachment":"scroll","background-type":"","background-media":"","overlay-type":"","overlay-color":"","overlay-opacity":"","overlay-gradient":""},"tablet":{"background-color":"var(--ast-global-color-5)","background-image":"","background-repeat":"repeat","background-position":"center center","background-size":"auto","background-attachment":"scroll","background-type":"","background-media":"","overlay-type":"","overlay-color":"","overlay-opacity":"","overlay-gradient":""},"mobile":{"background-color":"var(--ast-global-color-5)","background-image":"","background-repeat":"repeat","background-position":"center center","background-size":"auto","background-attachment":"scroll","background-type":"","background-media":"","overlay-type":"","overlay-color":"","overlay-opacity":"","overlay-gradient":""}},"footnotes":""},"class_list":["post-1238","page","type-page","status-publish","hentry"],"_links":{"self":[{"href":"https:\/\/brunel.tech\/index.php\/wp-json\/wp\/v2\/pages\/1238","targetHints":{"allow":["GET"]}}],"collection":[{"href":"https:\/\/brunel.tech\/index.php\/wp-json\/wp\/v2\/pages"}],"about":[{"href":"https:\/\/brunel.tech\/index.php\/wp-json\/wp\/v2\/types\/page"}],"author":[{"embeddable":true,"href":"https:\/\/brunel.tech\/index.php\/wp-json\/wp\/v2\/users\/1"}],"replies":[{"embeddable":true,"href":"https:\/\/brunel.tech\/index.php\/wp-json\/wp\/v2\/comments?post=1238"}],"version-history":[{"count":8,"href":"https:\/\/brunel.tech\/index.php\/wp-json\/wp\/v2\/pages\/1238\/revisions"}],"predecessor-version":[{"id":1251,"href":"https:\/\/brunel.tech\/index.php\/wp-json\/wp\/v2\/pages\/1238\/revisions\/1251"}],"wp:attachment":[{"href":"https:\/\/brunel.tech\/index.php\/wp-json\/wp\/v2\/media?parent=1238"}],"curies":[{"name":"wp","href":"https:\/\/api.w.org\/{rel}","templated":true}]}}