{"id":223,"date":"2020-06-17T10:39:46","date_gmt":"2020-06-17T08:39:46","guid":{"rendered":"http:\/\/brunel.tech\/?page_id=223"},"modified":"2023-07-04T10:10:35","modified_gmt":"2023-07-04T08:10:35","slug":"recherche","status":"publish","type":"page","link":"https:\/\/brunel.tech\/index.php\/recherche\/","title":{"rendered":"Recherches universitaires et rayonnement"},"content":{"rendered":"\n<p>Membre du Laboratoire IMS-UMR 5218 &#8211; CNRS &#8211; Universit\u00e9 de Bordeaux.<\/p>\n\n\n\n<p>Maitre de Conf\u00e9rences des Universit\u00e9s &#8211; Section 61 CNU &#8211; ADT.<\/p>\n\n\n\n<p>Vice-pr\u00e9sident du R\u00e9seau RAIFFET &#8211; R\u00e9seau Africain des Institutions de Formation de Formateurs de l&rsquo;Enseignement Technique. (Ecoles Normales Sup\u00e9rieures de l&rsquo;Enseignement Technique).<\/p>\n\n\n\n<div class=\"wp-block-media-text alignwide is-stacked-on-mobile\" style=\"grid-template-columns:85% auto\"><figure class=\"wp-block-media-text__media\"><a href=\"https:\/\/brunel.tech\/wp-content\/uploads\/2023\/07\/Capture-decran-2023-07-04-a-10.08.49.png\" target=\"_blank\" rel=\"noopener noreferrer\"><img loading=\"lazy\" decoding=\"async\" width=\"1399\" height=\"728\" src=\"https:\/\/brunel.tech\/wp-content\/uploads\/2023\/07\/Capture-decran-2023-07-04-a-10.08.49.png\" alt=\"\" class=\"wp-image-2066 size-full\"\/><\/a><\/figure><div class=\"wp-block-media-text__content\">\n<p style=\"font-size:15px\"><\/p>\n<\/div><\/div>\n\n\n\n<p><\/p>\n\n\n\n<p>Vice-pr\u00e9sident de la f\u00e9d\u00e9ration Fran\u00e7aise de Robotique en charge des Equipes Juniors France.<\/p>\n\n\n\n<p>Co-chair de la RobocupJunior France<\/p>\n\n\n\n<hr class=\"wp-block-separator has-text-color has-css-opacity has-background is-style-wide\" style=\"background-color:#0e7ebe;color:#0e7ebe\"\/>\n\n\n\n<p>Parce que le pass\u00e9 compte aussi  &#8230; Sp\u00e9cialiste invit\u00e9 en Sciences Exp\u00e9rimentales et Technologiques au <a rel=\"noreferrer noopener\" href=\"https:\/\/www.nasa.gov\/langley\" target=\"_blank\">Langley Research Center<\/a><\/p>\n\n\n\n<figure class=\"wp-block-image size-large is-resized\"><img loading=\"lazy\" decoding=\"async\" src=\"http:\/\/brunel.tech\/wp-content\/uploads\/2020\/09\/Nasa-720x1024.jpeg\" alt=\"\" class=\"wp-image-858\" width=\"348\" height=\"495\" srcset=\"https:\/\/brunel.tech\/wp-content\/uploads\/2020\/09\/Nasa-720x1024.jpeg 720w, https:\/\/brunel.tech\/wp-content\/uploads\/2020\/09\/Nasa-211x300.jpeg 211w, https:\/\/brunel.tech\/wp-content\/uploads\/2020\/09\/Nasa-768x1092.jpeg 768w, https:\/\/brunel.tech\/wp-content\/uploads\/2020\/09\/Nasa-1080x1536.jpeg 1080w, https:\/\/brunel.tech\/wp-content\/uploads\/2020\/09\/Nasa.jpeg 1146w\" sizes=\"auto, (max-width: 348px) 100vw, 348px\" \/><figcaption class=\"wp-element-caption\">Photo traditionnelle apr\u00e8s instruction vol<\/figcaption><\/figure>\n\n\n\n<figure class=\"wp-block-image size-large is-resized\"><img loading=\"lazy\" decoding=\"async\" src=\"http:\/\/brunel.tech\/wp-content\/uploads\/2020\/09\/stefhoubold2.jpg\" alt=\"\" class=\"wp-image-860\" width=\"525\" height=\"374\" srcset=\"https:\/\/brunel.tech\/wp-content\/uploads\/2020\/09\/stefhoubold2.jpg 525w, https:\/\/brunel.tech\/wp-content\/uploads\/2020\/09\/stefhoubold2-300x214.jpg 300w\" sizes=\"auto, (max-width: 525px) 100vw, 525px\" \/><figcaption class=\"wp-element-caption\">Rencontre \u00e9mouvante avec <a rel=\"noreferrer noopener\" href=\"https:\/\/fr.wikipedia.org\/wiki\/John_Houbolt\" target=\"_blank\">John Houbolt<\/a>, le patron du programme Apollo &#8230; apr\u00e8s son cours d&rsquo;astrophysique.<\/figcaption><\/figure>\n\n\n\n<p><\/p>\n","protected":false},"excerpt":{"rendered":"<p>Membre du Laboratoire IMS-UMR 5218 &#8211; CNRS &#8211; Universit\u00e9 de Bordeaux. Maitre de Conf\u00e9rences des Universit\u00e9s &#8211; Section 61 CNU &#8211; ADT. Vice-pr\u00e9sident du R\u00e9seau RAIFFET &#8211; R\u00e9seau Africain des Institutions de Formation de Formateurs de l&rsquo;Enseignement Technique. (Ecoles Normales Sup\u00e9rieures de l&rsquo;Enseignement Technique). Vice-pr\u00e9sident de la f\u00e9d\u00e9ration Fran\u00e7aise de Robotique en charge des Equipes [&hellip;]<\/p>\n","protected":false},"author":1,"featured_media":0,"parent":0,"menu_order":0,"comment_status":"closed","ping_status":"closed","template":"","meta":{"site-sidebar-layout":"default","site-content-layout":"default","ast-site-content-layout":"default","site-content-style":"default","site-sidebar-style":"default","ast-global-header-display":"","ast-banner-title-visibility":"","ast-main-header-display":"","ast-hfb-above-header-display":"","ast-hfb-below-header-display":"","ast-hfb-mobile-header-display":"","site-post-title":"","ast-breadcrumbs-content":"","ast-featured-img":"","footer-sml-layout":"","ast-disable-related-posts":"","theme-transparent-header-meta":"default","adv-header-id-meta":"","stick-header-meta":"","header-above-stick-meta":"","header-main-stick-meta":"","header-below-stick-meta":"","astra-migrate-meta-layouts":"default","ast-page-background-enabled":"default","ast-page-background-meta":{"desktop":{"background-color":"","background-image":"","background-repeat":"repeat","background-position":"center center","background-size":"auto","background-attachment":"scroll","background-type":"","background-media":"","overlay-type":"","overlay-color":"","overlay-opacity":"","overlay-gradient":""},"tablet":{"background-color":"","background-image":"","background-repeat":"repeat","background-position":"center center","background-size":"auto","background-attachment":"scroll","background-type":"","background-media":"","overlay-type":"","overlay-color":"","overlay-opacity":"","overlay-gradient":""},"mobile":{"background-color":"","background-image":"","background-repeat":"repeat","background-position":"center center","background-size":"auto","background-attachment":"scroll","background-type":"","background-media":"","overlay-type":"","overlay-color":"","overlay-opacity":"","overlay-gradient":""}},"ast-content-background-meta":{"desktop":{"background-color":"var(--ast-global-color-5)","background-image":"","background-repeat":"repeat","background-position":"center center","background-size":"auto","background-attachment":"scroll","background-type":"","background-media":"","overlay-type":"","overlay-color":"","overlay-opacity":"","overlay-gradient":""},"tablet":{"background-color":"var(--ast-global-color-5)","background-image":"","background-repeat":"repeat","background-position":"center center","background-size":"auto","background-attachment":"scroll","background-type":"","background-media":"","overlay-type":"","overlay-color":"","overlay-opacity":"","overlay-gradient":""},"mobile":{"background-color":"var(--ast-global-color-5)","background-image":"","background-repeat":"repeat","background-position":"center center","background-size":"auto","background-attachment":"scroll","background-type":"","background-media":"","overlay-type":"","overlay-color":"","overlay-opacity":"","overlay-gradient":""}},"footnotes":""},"class_list":["post-223","page","type-page","status-publish","hentry"],"_links":{"self":[{"href":"https:\/\/brunel.tech\/index.php\/wp-json\/wp\/v2\/pages\/223","targetHints":{"allow":["GET"]}}],"collection":[{"href":"https:\/\/brunel.tech\/index.php\/wp-json\/wp\/v2\/pages"}],"about":[{"href":"https:\/\/brunel.tech\/index.php\/wp-json\/wp\/v2\/types\/page"}],"author":[{"embeddable":true,"href":"https:\/\/brunel.tech\/index.php\/wp-json\/wp\/v2\/users\/1"}],"replies":[{"embeddable":true,"href":"https:\/\/brunel.tech\/index.php\/wp-json\/wp\/v2\/comments?post=223"}],"version-history":[{"count":21,"href":"https:\/\/brunel.tech\/index.php\/wp-json\/wp\/v2\/pages\/223\/revisions"}],"predecessor-version":[{"id":2067,"href":"https:\/\/brunel.tech\/index.php\/wp-json\/wp\/v2\/pages\/223\/revisions\/2067"}],"wp:attachment":[{"href":"https:\/\/brunel.tech\/index.php\/wp-json\/wp\/v2\/media?parent=223"}],"curies":[{"name":"wp","href":"https:\/\/api.w.org\/{rel}","templated":true}]}}