{"id":2879,"date":"2026-03-03T14:54:34","date_gmt":"2026-03-03T13:54:34","guid":{"rendered":"https:\/\/brunel.tech\/?page_id=2879"},"modified":"2026-03-03T15:27:28","modified_gmt":"2026-03-03T14:27:28","slug":"nasa","status":"publish","type":"page","link":"https:\/\/brunel.tech\/index.php\/nasa\/","title":{"rendered":"Nasa"},"content":{"rendered":"\n<p><\/p>\n\n\n\n<div class=\"wp-block-media-text is-stacked-on-mobile\" style=\"grid-template-columns:15% auto\"><figure class=\"wp-block-media-text__media\"><a href=\"https:\/\/www.nasa.gov\/langley\/\" target=\"_blank\" rel=\" noreferrer noopener\"><img loading=\"lazy\" decoding=\"async\" width=\"1024\" height=\"630\" src=\"https:\/\/brunel.tech\/wp-content\/uploads\/2026\/03\/us-nasa-seal-logo-2560x1575-1-1024x630.webp\" alt=\"\" class=\"wp-image-2881 size-full\" srcset=\"https:\/\/brunel.tech\/wp-content\/uploads\/2026\/03\/us-nasa-seal-logo-2560x1575-1-1024x630.webp 1024w, https:\/\/brunel.tech\/wp-content\/uploads\/2026\/03\/us-nasa-seal-logo-2560x1575-1-300x185.webp 300w, https:\/\/brunel.tech\/wp-content\/uploads\/2026\/03\/us-nasa-seal-logo-2560x1575-1-768x473.webp 768w, https:\/\/brunel.tech\/wp-content\/uploads\/2026\/03\/us-nasa-seal-logo-2560x1575-1-1536x945.webp 1536w, https:\/\/brunel.tech\/wp-content\/uploads\/2026\/03\/us-nasa-seal-logo-2560x1575-1-2048x1260.webp 2048w\" sizes=\"auto, (max-width: 1024px) 100vw, 1024px\" \/><\/a><\/figure><div class=\"wp-block-media-text__content\">\n<h6 class=\"wp-block-heading\">En 2001, je suis recrut\u00e9 par le CNES et envoy\u00e9 au <a href=\"https:\/\/www.nasa.gov\/langley\/\" target=\"_blank\" rel=\"noreferrer noopener\">Langley Research Center en Virginie<\/a>. Exp\u00e9rience \u00e9tonnante et pleine de surprises intellectuelles &#8230;<\/h6>\n<\/div><\/div>\n\n\n\n<div class=\"wp-block-columns is-layout-flex wp-container-core-columns-is-layout-28f84493 wp-block-columns-is-layout-flex\">\n<div class=\"wp-block-column is-layout-flow wp-block-column-is-layout-flow\">\n<div class=\"wp-block-media-text is-stacked-on-mobile\" style=\"grid-template-columns:59% auto\"><figure class=\"wp-block-media-text__media\"><img loading=\"lazy\" decoding=\"async\" width=\"525\" height=\"374\" src=\"https:\/\/brunel.tech\/wp-content\/uploads\/2026\/03\/stefhoubold2.jpg\" alt=\"\" class=\"wp-image-2885 size-full\"\/><\/figure><div class=\"wp-block-media-text__content\">\n<h6 class=\"wp-block-heading has-text-align-center\">Cours d&rsquo;astronautique avec <strong>John Houbolt<\/strong> himself &#8230; le p\u00e8re du programme Apollo<\/h6>\n<\/div><\/div>\n<\/div>\n\n\n\n<div class=\"wp-block-column is-layout-flow wp-block-column-is-layout-flow\">\n<div class=\"wp-block-media-text is-stacked-on-mobile\" style=\"grid-template-columns:42% auto\"><figure class=\"wp-block-media-text__media\"><img loading=\"lazy\" decoding=\"async\" width=\"200\" height=\"302\" src=\"https:\/\/brunel.tech\/wp-content\/uploads\/2026\/03\/scaphandre.gif\" alt=\"\" class=\"wp-image-2886 size-full\"\/><\/figure><div class=\"wp-block-media-text__content\">\n<h6 class=\"wp-block-heading has-text-align-center\">Essai scaphandre &#8230; pas du tout confortable !!!<\/h6>\n<\/div><\/div>\n<\/div>\n\n\n\n<div class=\"wp-block-column is-layout-flow wp-block-column-is-layout-flow\">\n<div class=\"wp-block-media-text is-stacked-on-mobile\" style=\"grid-template-columns:70% auto\"><figure class=\"wp-block-media-text__media\"><img loading=\"lazy\" decoding=\"async\" width=\"200\" height=\"150\" src=\"https:\/\/brunel.tech\/wp-content\/uploads\/2026\/03\/take-off-21.gif\" alt=\"\" class=\"wp-image-2887 size-full\"\/><\/figure><div class=\"wp-block-media-text__content\">\n<h6 class=\"wp-block-heading has-text-align-center\">Instruction vol sur Cessna<\/h6>\n<\/div><\/div>\n<\/div>\n<\/div>\n\n\n\n<div class=\"wp-block-columns is-layout-flex wp-container-core-columns-is-layout-28f84493 wp-block-columns-is-layout-flex\">\n<div class=\"wp-block-column is-layout-flow wp-block-column-is-layout-flow\">\n<div class=\"wp-block-media-text is-stacked-on-mobile\" style=\"grid-template-columns:57% auto\"><figure class=\"wp-block-media-text__media\"><img loading=\"lazy\" decoding=\"async\" width=\"502\" height=\"400\" src=\"https:\/\/brunel.tech\/wp-content\/uploads\/2026\/03\/techn1.jpg\" alt=\"\" class=\"wp-image-2888 size-full\"\/><\/figure><div class=\"wp-block-media-text__content\">\n<h6 class=\"wp-block-heading has-text-align-center\">Rencontre avec un des responsables de la fabrication des pi\u00e8ces m\u00e9caniques de l&rsquo;ISS<\/h6>\n<\/div><\/div>\n<\/div>\n\n\n\n<div class=\"wp-block-column is-layout-flow wp-block-column-is-layout-flow\">\n<div class=\"wp-block-media-text is-stacked-on-mobile\" style=\"grid-template-columns:60% auto\"><figure class=\"wp-block-media-text__media\"><img loading=\"lazy\" decoding=\"async\" width=\"578\" height=\"341\" src=\"https:\/\/brunel.tech\/wp-content\/uploads\/2026\/03\/usin1.jpg\" alt=\"\" class=\"wp-image-2889 size-full\"\/><\/figure><div class=\"wp-block-media-text__content\">\n<h6 class=\"wp-block-heading has-text-align-center\">Discussion avec un ouvrier sp\u00e9cialiste de la d\u00e9coupe par fil et eau<\/h6>\n<\/div><\/div>\n<\/div>\n\n\n\n<div class=\"wp-block-column is-layout-flow wp-block-column-is-layout-flow\">\n<div class=\"wp-block-media-text is-stacked-on-mobile\" style=\"grid-template-columns:39% auto\"><figure class=\"wp-block-media-text__media\"><img loading=\"lazy\" decoding=\"async\" width=\"100\" height=\"133\" src=\"https:\/\/brunel.tech\/wp-content\/uploads\/2026\/03\/test-Lunar1.jpg\" alt=\"\" class=\"wp-image-2890 size-full\"\/><\/figure><div class=\"wp-block-media-text__content\">\n<h6 class=\"wp-block-heading has-text-align-center\">Rencontre avec le pilote d&rsquo;essai du LEM, Alan Pearson<\/h6>\n<\/div><\/div>\n<\/div>\n<\/div>\n\n\n\n<hr class=\"wp-block-separator has-alpha-channel-opacity\"\/>\n\n\n\n<div class=\"wp-block-columns is-layout-flex wp-container-core-columns-is-layout-28f84493 wp-block-columns-is-layout-flex\">\n<div class=\"wp-block-column is-layout-flow wp-block-column-is-layout-flow\">\n<div class=\"wp-block-media-text is-stacked-on-mobile\" style=\"grid-template-columns:75% auto\"><figure class=\"wp-block-media-text__media\"><img loading=\"lazy\" decoding=\"async\" width=\"1146\" height=\"1630\" src=\"https:\/\/brunel.tech\/wp-content\/uploads\/2026\/03\/IMG_E8015.jpeg\" alt=\"\" class=\"wp-image-2891 size-full\"\/><\/figure><div class=\"wp-block-media-text__content\">\n<h6 class=\"wp-block-heading has-text-align-center\">Vol sur T38<\/h6>\n<\/div><\/div>\n<\/div>\n\n\n\n<div class=\"wp-block-column is-layout-flow wp-block-column-is-layout-flow\">\n<figure class=\"wp-block-image size-full\"><img loading=\"lazy\" decoding=\"async\" width=\"555\" height=\"351\" src=\"https:\/\/brunel.tech\/wp-content\/uploads\/2026\/03\/williams2.jpg\" alt=\"\" class=\"wp-image-2892\"\/><\/figure>\n\n\n\n<h6 class=\"wp-block-heading has-text-align-center\">Visite de la maison de Georges Washington, maison qui verra sa rencontre avec le G\u00e9n\u00e9ral Lafayette. Tout est symbole &#8230;<\/h6>\n<\/div>\n<\/div>\n","protected":false},"excerpt":{"rendered":"<p>En 2001, je suis recrut\u00e9 par le CNES et envoy\u00e9 au Langley Research Center en Virginie. Exp\u00e9rience \u00e9tonnante et pleine de surprises intellectuelles &#8230; Cours d&rsquo;astronautique avec John Houbolt himself &#8230; le p\u00e8re du programme Apollo Essai scaphandre &#8230; pas du tout confortable !!! Instruction vol sur Cessna Rencontre avec un des responsables de la [&hellip;]<\/p>\n","protected":false},"author":1,"featured_media":0,"parent":0,"menu_order":0,"comment_status":"closed","ping_status":"closed","template":"","meta":{"site-sidebar-layout":"default","site-content-layout":"","ast-site-content-layout":"default","site-content-style":"default","site-sidebar-style":"default","ast-global-header-display":"","ast-banner-title-visibility":"","ast-main-header-display":"","ast-hfb-above-header-display":"","ast-hfb-below-header-display":"","ast-hfb-mobile-header-display":"","site-post-title":"","ast-breadcrumbs-content":"","ast-featured-img":"","footer-sml-layout":"","ast-disable-related-posts":"","theme-transparent-header-meta":"","adv-header-id-meta":"","stick-header-meta":"","header-above-stick-meta":"","header-main-stick-meta":"","header-below-stick-meta":"","astra-migrate-meta-layouts":"set","ast-page-background-enabled":"default","ast-page-background-meta":{"desktop":{"background-color":"","background-image":"","background-repeat":"repeat","background-position":"center center","background-size":"auto","background-attachment":"scroll","background-type":"","background-media":"","overlay-type":"","overlay-color":"","overlay-opacity":"","overlay-gradient":""},"tablet":{"background-color":"","background-image":"","background-repeat":"repeat","background-position":"center center","background-size":"auto","background-attachment":"scroll","background-type":"","background-media":"","overlay-type":"","overlay-color":"","overlay-opacity":"","overlay-gradient":""},"mobile":{"background-color":"","background-image":"","background-repeat":"repeat","background-position":"center center","background-size":"auto","background-attachment":"scroll","background-type":"","background-media":"","overlay-type":"","overlay-color":"","overlay-opacity":"","overlay-gradient":""}},"ast-content-background-meta":{"desktop":{"background-color":"var(--ast-global-color-5)","background-image":"","background-repeat":"repeat","background-position":"center center","background-size":"auto","background-attachment":"scroll","background-type":"","background-media":"","overlay-type":"","overlay-color":"","overlay-opacity":"","overlay-gradient":""},"tablet":{"background-color":"var(--ast-global-color-5)","background-image":"","background-repeat":"repeat","background-position":"center center","background-size":"auto","background-attachment":"scroll","background-type":"","background-media":"","overlay-type":"","overlay-color":"","overlay-opacity":"","overlay-gradient":""},"mobile":{"background-color":"var(--ast-global-color-5)","background-image":"","background-repeat":"repeat","background-position":"center center","background-size":"auto","background-attachment":"scroll","background-type":"","background-media":"","overlay-type":"","overlay-color":"","overlay-opacity":"","overlay-gradient":""}},"footnotes":""},"class_list":["post-2879","page","type-page","status-publish","hentry"],"_links":{"self":[{"href":"https:\/\/brunel.tech\/index.php\/wp-json\/wp\/v2\/pages\/2879","targetHints":{"allow":["GET"]}}],"collection":[{"href":"https:\/\/brunel.tech\/index.php\/wp-json\/wp\/v2\/pages"}],"about":[{"href":"https:\/\/brunel.tech\/index.php\/wp-json\/wp\/v2\/types\/page"}],"author":[{"embeddable":true,"href":"https:\/\/brunel.tech\/index.php\/wp-json\/wp\/v2\/users\/1"}],"replies":[{"embeddable":true,"href":"https:\/\/brunel.tech\/index.php\/wp-json\/wp\/v2\/comments?post=2879"}],"version-history":[{"count":7,"href":"https:\/\/brunel.tech\/index.php\/wp-json\/wp\/v2\/pages\/2879\/revisions"}],"predecessor-version":[{"id":2902,"href":"https:\/\/brunel.tech\/index.php\/wp-json\/wp\/v2\/pages\/2879\/revisions\/2902"}],"wp:attachment":[{"href":"https:\/\/brunel.tech\/index.php\/wp-json\/wp\/v2\/media?parent=2879"}],"curies":[{"name":"wp","href":"https:\/\/api.w.org\/{rel}","templated":true}]}}