{"id":450,"date":"2020-06-24T10:10:31","date_gmt":"2020-06-24T08:10:31","guid":{"rendered":"http:\/\/brunel.tech\/?page_id=450"},"modified":"2024-07-16T15:21:42","modified_gmt":"2024-07-16T13:21:42","slug":"engagement-benevole","status":"publish","type":"page","link":"https:\/\/brunel.tech\/index.php\/engagement-benevole\/","title":{"rendered":"Engagements b\u00e9n\u00e9voles"},"content":{"rendered":"\n<p>Pr\u00e9sident de la <a rel=\"noreferrer noopener\" href=\"https:\/\/www.facebook.com\/liguedelenseignement.gironde\/\" target=\"_blank\">Ligue de l&rsquo;Enseignement de la Gironde.<\/a><\/p>\n\n\n\n<p>Vice-Pr\u00e9sident de la F\u00e9d\u00e9ration Fran\u00e7aise de Robotique, en charge des \u00e9quipes juniors. Chair <a href=\"https:\/\/www.robocup.fr\/robocupjunior-1\" target=\"_blank\" rel=\"noreferrer noopener\">RobocupJunior France<\/a><\/p>\n\n\n\n<p>Pr\u00e9sident du Consortium International <a rel=\"noreferrer noopener\" href=\"https:\/\/www.poppy-station.org\/membres\/\" target=\"_blank\">Poppy Station<\/a><\/p>\n\n\n\n<p>Vice-Pr\u00e9sident du <a href=\"https:\/\/raiffet.org\/\" target=\"_blank\" rel=\"noreferrer noopener\">R\u00e9seau Africain des Instituts de Formations de l&rsquo;Enseignement Technique<\/a>. (Normales Sup Sub-sahariennes)<\/p>\n\n\n\n<p>Pr\u00e9sident d&rsquo;honneur de l&rsquo;Association, Concepteur de l&rsquo;exposition <a rel=\"noreferrer noopener\" href=\"http:\/\/www.fragments.asso.fr\/blog\/fragments\/\" target=\"_blank\">\u00ab\u00a0Fragments ou La Transmission de la M\u00e9moire de la Shoah\u00a0\u00bb<\/a><\/p>\n\n\n\n<p>Inspirateur de l&rsquo;association ProPhilo : de la philosophie en Lyc\u00e9e Professionnel <a href=\"http:\/\/www.prophilo.fr\" target=\"_blank\" rel=\"noreferrer noopener\">Le site<\/a><\/p>\n\n\n\n<p>Fondateur de l&rsquo;ANFS2i : <a href=\"https:\/\/anfs2i.fr\/\">ASSOCIATION NATIONALE DES FORMATEURS DE SCIENCES INDUSTRIELLES DE L&rsquo;ING\u00c9NIEUR<\/a><\/p>\n\n\n\n<hr class=\"wp-block-separator has-css-opacity\"\/>\n\n\n\n<p>Ancien Membre du Conseil d&rsquo;Administration de la <a rel=\"noreferrer noopener\" href=\"https:\/\/laligue.org\/qui-sommes-nous\/\" target=\"_blank\">Ligue de l&rsquo;Enseignement Conf\u00e9d\u00e9ration Nationale<\/a>. Vice-Pr\u00e9sident Education<\/p>\n\n\n\n<p>Un des principes r\u00e9publicains essentiels que je d\u00e9fends : <a href=\"https:\/\/brunel.tech\/index.php\/laicite\/\">La <\/a><a href=\"https:\/\/brunel.tech\/index.php\/laicite\/\" target=\"_blank\" rel=\"noreferrer noopener\">La\u00efcit\u00e9<\/a><a href=\"https:\/\/brunel.tech\/index.php\/laicite\/\"> <\/a><\/p>\n","protected":false},"excerpt":{"rendered":"<p>Pr\u00e9sident de la Ligue de l&rsquo;Enseignement de la Gironde. Vice-Pr\u00e9sident de la F\u00e9d\u00e9ration Fran\u00e7aise de Robotique, en charge des \u00e9quipes juniors. Chair RobocupJunior France Pr\u00e9sident du Consortium International Poppy Station Vice-Pr\u00e9sident du R\u00e9seau Africain des Instituts de Formations de l&rsquo;Enseignement Technique. (Normales Sup Sub-sahariennes) Pr\u00e9sident d&rsquo;honneur de l&rsquo;Association, Concepteur de l&rsquo;exposition \u00ab\u00a0Fragments ou La Transmission [&hellip;]<\/p>\n","protected":false},"author":1,"featured_media":0,"parent":0,"menu_order":0,"comment_status":"closed","ping_status":"closed","template":"","meta":{"site-sidebar-layout":"default","site-content-layout":"default","ast-site-content-layout":"default","site-content-style":"default","site-sidebar-style":"default","ast-global-header-display":"","ast-banner-title-visibility":"","ast-main-header-display":"","ast-hfb-above-header-display":"","ast-hfb-below-header-display":"","ast-hfb-mobile-header-display":"","site-post-title":"","ast-breadcrumbs-content":"","ast-featured-img":"","footer-sml-layout":"","ast-disable-related-posts":"","theme-transparent-header-meta":"default","adv-header-id-meta":"","stick-header-meta":"","header-above-stick-meta":"","header-main-stick-meta":"","header-below-stick-meta":"","astra-migrate-meta-layouts":"set","ast-page-background-enabled":"default","ast-page-background-meta":{"desktop":{"background-color":"","background-image":"","background-repeat":"repeat","background-position":"center center","background-size":"auto","background-attachment":"scroll","background-type":"","background-media":"","overlay-type":"","overlay-color":"","overlay-opacity":"","overlay-gradient":""},"tablet":{"background-color":"","background-image":"","background-repeat":"repeat","background-position":"center center","background-size":"auto","background-attachment":"scroll","background-type":"","background-media":"","overlay-type":"","overlay-color":"","overlay-opacity":"","overlay-gradient":""},"mobile":{"background-color":"","background-image":"","background-repeat":"repeat","background-position":"center center","background-size":"auto","background-attachment":"scroll","background-type":"","background-media":"","overlay-type":"","overlay-color":"","overlay-opacity":"","overlay-gradient":""}},"ast-content-background-meta":{"desktop":{"background-color":"var(--ast-global-color-5)","background-image":"","background-repeat":"repeat","background-position":"center center","background-size":"auto","background-attachment":"scroll","background-type":"","background-media":"","overlay-type":"","overlay-color":"","overlay-opacity":"","overlay-gradient":""},"tablet":{"background-color":"var(--ast-global-color-5)","background-image":"","background-repeat":"repeat","background-position":"center center","background-size":"auto","background-attachment":"scroll","background-type":"","background-media":"","overlay-type":"","overlay-color":"","overlay-opacity":"","overlay-gradient":""},"mobile":{"background-color":"var(--ast-global-color-5)","background-image":"","background-repeat":"repeat","background-position":"center center","background-size":"auto","background-attachment":"scroll","background-type":"","background-media":"","overlay-type":"","overlay-color":"","overlay-opacity":"","overlay-gradient":""}},"footnotes":""},"class_list":["post-450","page","type-page","status-publish","hentry"],"_links":{"self":[{"href":"https:\/\/brunel.tech\/index.php\/wp-json\/wp\/v2\/pages\/450","targetHints":{"allow":["GET"]}}],"collection":[{"href":"https:\/\/brunel.tech\/index.php\/wp-json\/wp\/v2\/pages"}],"about":[{"href":"https:\/\/brunel.tech\/index.php\/wp-json\/wp\/v2\/types\/page"}],"author":[{"embeddable":true,"href":"https:\/\/brunel.tech\/index.php\/wp-json\/wp\/v2\/users\/1"}],"replies":[{"embeddable":true,"href":"https:\/\/brunel.tech\/index.php\/wp-json\/wp\/v2\/comments?post=450"}],"version-history":[{"count":16,"href":"https:\/\/brunel.tech\/index.php\/wp-json\/wp\/v2\/pages\/450\/revisions"}],"predecessor-version":[{"id":2426,"href":"https:\/\/brunel.tech\/index.php\/wp-json\/wp\/v2\/pages\/450\/revisions\/2426"}],"wp:attachment":[{"href":"https:\/\/brunel.tech\/index.php\/wp-json\/wp\/v2\/media?parent=450"}],"curies":[{"name":"wp","href":"https:\/\/api.w.org\/{rel}","templated":true}]}}