{"id":715,"date":"2020-07-08T15:27:03","date_gmt":"2020-07-08T13:27:03","guid":{"rendered":"http:\/\/brunel.tech\/?page_id=715"},"modified":"2020-07-08T15:47:11","modified_gmt":"2020-07-08T13:47:11","slug":"sapiens","status":"publish","type":"page","link":"https:\/\/brunel.tech\/index.php\/sapiens\/","title":{"rendered":"Sapiens"},"content":{"rendered":"\n<p>Sapiens est un prototype de Serre Automatis\u00e9e Pilot\u00e9e par une application Web.<\/p>\n\n\n\n<p>Ce sont les professeurs Stagiaires en S2iT qui ont mis au point ce projet en 2019 sous ma direction.<\/p>\n\n\n\n<p>Toutes les donn\u00e9es sont contr\u00f4l\u00e9es via un module bluetooth arduino sur le web.<\/p>\n\n\n\n<p>Le projet est complet puisqu&rsquo;il int\u00e8gre toutes les comp\u00e9tences des 4 options diff\u00e9rentes d\u00e9ploy\u00e9es au Lyc\u00e9e.<\/p>\n\n\n\n<p><a href=\"http:\/\/brunel.tech\/Sapiens\/Sapiens\/\">http:\/\/brunel.tech\/Sapiens\/Sapiens\/<\/a><\/p>\n","protected":false},"excerpt":{"rendered":"<p>Sapiens est un prototype de Serre Automatis\u00e9e Pilot\u00e9e par une application Web. Ce sont les professeurs Stagiaires en S2iT qui ont mis au point ce projet en 2019 sous ma direction. Toutes les donn\u00e9es sont contr\u00f4l\u00e9es via un module bluetooth arduino sur le web. Le projet est complet puisqu&rsquo;il int\u00e8gre toutes les comp\u00e9tences des 4 [&hellip;]<\/p>\n","protected":false},"author":1,"featured_media":0,"parent":0,"menu_order":0,"comment_status":"closed","ping_status":"closed","template":"","meta":{"site-sidebar-layout":"default","site-content-layout":"default","ast-site-content-layout":"default","site-content-style":"default","site-sidebar-style":"default","ast-global-header-display":"","ast-banner-title-visibility":"","ast-main-header-display":"","ast-hfb-above-header-display":"","ast-hfb-below-header-display":"","ast-hfb-mobile-header-display":"","site-post-title":"","ast-breadcrumbs-content":"","ast-featured-img":"","footer-sml-layout":"","ast-disable-related-posts":"","theme-transparent-header-meta":"default","adv-header-id-meta":"","stick-header-meta":"","header-above-stick-meta":"","header-main-stick-meta":"","header-below-stick-meta":"","astra-migrate-meta-layouts":"default","ast-page-background-enabled":"default","ast-page-background-meta":{"desktop":{"background-color":"","background-image":"","background-repeat":"repeat","background-position":"center center","background-size":"auto","background-attachment":"scroll","background-type":"","background-media":"","overlay-type":"","overlay-color":"","overlay-opacity":"","overlay-gradient":""},"tablet":{"background-color":"","background-image":"","background-repeat":"repeat","background-position":"center center","background-size":"auto","background-attachment":"scroll","background-type":"","background-media":"","overlay-type":"","overlay-color":"","overlay-opacity":"","overlay-gradient":""},"mobile":{"background-color":"","background-image":"","background-repeat":"repeat","background-position":"center center","background-size":"auto","background-attachment":"scroll","background-type":"","background-media":"","overlay-type":"","overlay-color":"","overlay-opacity":"","overlay-gradient":""}},"ast-content-background-meta":{"desktop":{"background-color":"var(--ast-global-color-5)","background-image":"","background-repeat":"repeat","background-position":"center center","background-size":"auto","background-attachment":"scroll","background-type":"","background-media":"","overlay-type":"","overlay-color":"","overlay-opacity":"","overlay-gradient":""},"tablet":{"background-color":"var(--ast-global-color-5)","background-image":"","background-repeat":"repeat","background-position":"center center","background-size":"auto","background-attachment":"scroll","background-type":"","background-media":"","overlay-type":"","overlay-color":"","overlay-opacity":"","overlay-gradient":""},"mobile":{"background-color":"var(--ast-global-color-5)","background-image":"","background-repeat":"repeat","background-position":"center center","background-size":"auto","background-attachment":"scroll","background-type":"","background-media":"","overlay-type":"","overlay-color":"","overlay-opacity":"","overlay-gradient":""}},"footnotes":""},"class_list":["post-715","page","type-page","status-publish","hentry"],"_links":{"self":[{"href":"https:\/\/brunel.tech\/index.php\/wp-json\/wp\/v2\/pages\/715","targetHints":{"allow":["GET"]}}],"collection":[{"href":"https:\/\/brunel.tech\/index.php\/wp-json\/wp\/v2\/pages"}],"about":[{"href":"https:\/\/brunel.tech\/index.php\/wp-json\/wp\/v2\/types\/page"}],"author":[{"embeddable":true,"href":"https:\/\/brunel.tech\/index.php\/wp-json\/wp\/v2\/users\/1"}],"replies":[{"embeddable":true,"href":"https:\/\/brunel.tech\/index.php\/wp-json\/wp\/v2\/comments?post=715"}],"version-history":[{"count":6,"href":"https:\/\/brunel.tech\/index.php\/wp-json\/wp\/v2\/pages\/715\/revisions"}],"predecessor-version":[{"id":727,"href":"https:\/\/brunel.tech\/index.php\/wp-json\/wp\/v2\/pages\/715\/revisions\/727"}],"wp:attachment":[{"href":"https:\/\/brunel.tech\/index.php\/wp-json\/wp\/v2\/media?parent=715"}],"curies":[{"name":"wp","href":"https:\/\/api.w.org\/{rel}","templated":true}]}}