{"id":924,"date":"2020-11-19T14:57:32","date_gmt":"2020-11-19T13:57:32","guid":{"rendered":"https:\/\/brunel.tech\/?page_id=924"},"modified":"2022-04-12T09:19:48","modified_gmt":"2022-04-12T07:19:48","slug":"thymio-dans-tous-ses-etats","status":"publish","type":"page","link":"https:\/\/brunel.tech\/index.php\/thymio-dans-tous-ses-etats\/","title":{"rendered":"Thymio dans tous ses \u00e9tats &#8230;"},"content":{"rendered":"\n<p><a href=\"https:\/\/www.thymio.org\/news\/thymio-suite-second-test-phase\/\">Pour trouver Thymio Suite &#8230;. <\/a><\/p>\n\n\n\n<hr class=\"wp-block-separator\"\/>\n\n\n\n<div class=\"wp-block-buttons is-layout-flex wp-block-buttons-is-layout-flex\">\n<div class=\"wp-block-button\"><a class=\"wp-block-button__link\" href=\"http:\/\/materalbum.free.fr\/robots\/fichier.htm\" target=\"_blank\" rel=\"noreferrer noopener\">Des albums jeunesse pour engager des robots dans la classe &#8230;<\/a><\/div>\n<\/div>\n\n\n\n<hr class=\"wp-block-separator\"\/>\n\n\n\n<div class=\"wp-block-buttons is-layout-flex wp-block-buttons-is-layout-flex\">\n<div class=\"wp-block-button\"><a class=\"wp-block-button__link\" href=\"https:\/\/www.generationrobots.com\/fr\/content\/96-ressources-pedagogiques-pour-la-robotique-dans-l-education\" target=\"_blank\" rel=\"noreferrer noopener\">Des ressources amies &#8230;<\/a><\/div>\n<\/div>\n\n\n\n<hr class=\"wp-block-separator\"\/>\n\n\n\n<h2 class=\"wp-block-heading\">Un PPN qui est all\u00e9 \u00e0 la Finale RobocupJunior avec des maternelles<\/h2>\n\n\n\n<div data-wp-interactive=\"core\/file\" class=\"wp-block-file\"><object data-wp-bind--hidden=\"!state.hasPdfPreview\" hidden class=\"wp-block-file__embed\" data=\"https:\/\/brunel.tech\/wp-content\/uploads\/2021\/11\/PPN-Bachelier-Mitard.pdf\" type=\"application\/pdf\" style=\"width:100%;height:600px\" aria-label=\"Contenu embarqu\u00e9 Contenu embarqu\u00e9 PPN-Bachelier-Mitard..\"><\/object><a id=\"wp-block-file--media-cda273ba-eec8-467e-aa8d-a0b300093480\" href=\"https:\/\/brunel.tech\/wp-content\/uploads\/2021\/11\/PPN-Bachelier-Mitard.pdf\">PPN-Bachelier-Mitard<\/a><a href=\"https:\/\/brunel.tech\/wp-content\/uploads\/2021\/11\/PPN-Bachelier-Mitard.pdf\" class=\"wp-block-file__button\" download aria-describedby=\"wp-block-file--media-cda273ba-eec8-467e-aa8d-a0b300093480\">T\u00e9l\u00e9charger<\/a><\/div>\n\n\n\n<hr class=\"wp-block-separator\"\/>\n\n\n\n<h2 class=\"wp-block-heading\"><strong>Thymio en Maternelle<\/strong><\/h2>\n\n\n\n<div class=\"wp-block-file\"><a id=\"wp-block-file--media-f216797e-323e-401b-8518-41902e3e3801\" href=\"https:\/\/brunel.tech\/wp-content\/uploads\/2020\/11\/Thymio-Experiences-Maternelles.pptx\">Thymio-Experiences-Maternelles<\/a><a href=\"https:\/\/brunel.tech\/wp-content\/uploads\/2020\/11\/Thymio-Experiences-Maternelles.pptx\" class=\"wp-block-file__button\" download aria-describedby=\"wp-block-file--media-f216797e-323e-401b-8518-41902e3e3801\">T\u00e9l\u00e9charger<\/a><\/div>\n\n\n\n<hr class=\"wp-block-separator\"\/>\n\n\n\n<h2 class=\"wp-block-heading\"><strong>Thymio \u00e0 l&rsquo;Ecole Primaire et Coll\u00e8ge<\/strong><\/h2>\n\n\n\n<div class=\"wp-block-file\"><a id=\"wp-block-file--media-362bc3f1-3e7c-4f51-aef9-626de22bd1f0\" href=\"https:\/\/brunel.tech\/wp-content\/uploads\/2020\/11\/Thymio-Experiences-Ecole-College.pptx\">Thymio-Experiences-Ecole-College<\/a><a href=\"https:\/\/brunel.tech\/wp-content\/uploads\/2020\/11\/Thymio-Experiences-Ecole-College.pptx\" class=\"wp-block-file__button\" download aria-describedby=\"wp-block-file--media-362bc3f1-3e7c-4f51-aef9-626de22bd1f0\">T\u00e9l\u00e9charger<\/a><\/div>\n\n\n\n<hr class=\"wp-block-separator\"\/>\n\n\n\n<h2 class=\"wp-block-heading\"><strong>Des programmes \u00e0 la pelle &#8230;<\/strong><\/h2>\n\n\n\n<ol class=\"wp-block-list\"><li>Trouver son \u00e9quilibre <\/li><\/ol>\n\n\n\n<div class=\"wp-block-file\"><a id=\"wp-block-file--media-f67c63de-adcf-44ec-94dc-47911d248559\" href=\"https:\/\/brunel.tech\/wp-content\/uploads\/2020\/11\/Thymio-equilibre.pptx\">Thymio-equilibre sur une bascule<\/a><a href=\"https:\/\/brunel.tech\/wp-content\/uploads\/2020\/11\/Thymio-equilibre.pptx\" class=\"wp-block-file__button\" download aria-describedby=\"wp-block-file--media-f67c63de-adcf-44ec-94dc-47911d248559\">T\u00e9l\u00e9charger<\/a><\/div>\n\n\n\n<ul class=\"wp-block-list\"><li>2. Equilibre sur une balle <\/li><\/ul>\n\n\n\n<div class=\"wp-block-file\"><a id=\"wp-block-file--media-8f013415-4f8a-40cb-9776-54ec644eab94\" href=\"https:\/\/brunel.tech\/wp-content\/uploads\/2020\/11\/Thymio-sur-une-balle.docx\">Thymio-sur-une-balle<\/a><a href=\"https:\/\/brunel.tech\/wp-content\/uploads\/2020\/11\/Thymio-sur-une-balle.docx\" class=\"wp-block-file__button\" download aria-describedby=\"wp-block-file--media-8f013415-4f8a-40cb-9776-54ec644eab94\">T\u00e9l\u00e9charger<\/a><\/div>\n\n\n\n<ul class=\"wp-block-list\"><li>3. Suivre une ligne <\/li><\/ul>\n\n\n\n<div class=\"wp-block-file\"><a id=\"wp-block-file--media-0d09ec0f-cec5-40b8-857c-18869da60ccf\" href=\"https:\/\/brunel.tech\/wp-content\/uploads\/2020\/11\/suivre-ligne.png\">Suivre-ligne<\/a><a href=\"https:\/\/brunel.tech\/wp-content\/uploads\/2020\/11\/suivre-ligne.png\" class=\"wp-block-file__button\" download aria-describedby=\"wp-block-file--media-0d09ec0f-cec5-40b8-857c-18869da60ccf\">T\u00e9l\u00e9charger<\/a><\/div>\n\n\n\n<ul class=\"wp-block-list\"><li>4. Tracer un carr\u00e9<\/li><\/ul>\n\n\n\n<div class=\"wp-block-file\"><a id=\"wp-block-file--media-de6d4035-c745-4353-b9ef-d74cd2f2bb60\" href=\"https:\/\/brunel.tech\/wp-content\/uploads\/2020\/11\/carre\u0301.pptx\">Tracer un carre\u0301<\/a><a href=\"https:\/\/brunel.tech\/wp-content\/uploads\/2020\/11\/carre\u0301.pptx\" class=\"wp-block-file__button\" download aria-describedby=\"wp-block-file--media-de6d4035-c745-4353-b9ef-d74cd2f2bb60\">T\u00e9l\u00e9charger<\/a><\/div>\n\n\n\n<ul class=\"wp-block-list\"><li>5. Explorateur<\/li><\/ul>\n\n\n\n<div class=\"wp-block-file\"><a id=\"wp-block-file--media-663d83c7-4740-4f71-95c3-887be40199b1\" href=\"https:\/\/brunel.tech\/wp-content\/uploads\/2020\/11\/Explorateur-Jaune.png\">Mode Explorateur-Jaune<\/a><a href=\"https:\/\/brunel.tech\/wp-content\/uploads\/2020\/11\/Explorateur-Jaune.png\" class=\"wp-block-file__button\" download aria-describedby=\"wp-block-file--media-663d83c7-4740-4f71-95c3-887be40199b1\">T\u00e9l\u00e9charger<\/a><\/div>\n\n\n\n<hr class=\"wp-block-separator\"\/>\n\n\n\n<ul class=\"wp-block-list\"><li>Transformer Thymio en Beebot<\/li><\/ul>\n\n\n\n<div data-wp-interactive=\"core\/file\" class=\"wp-block-file\"><object data-wp-bind--hidden=\"!state.hasPdfPreview\" hidden class=\"wp-block-file__embed\" data=\"https:\/\/brunel.tech\/wp-content\/uploads\/2022\/04\/Beebot-mode-pour-Thymio.pdf\" type=\"application\/pdf\" style=\"width:100%;height:600px\" aria-label=\"Contenu embarqu\u00e9 Contenu embarqu\u00e9 Beebot-mode-pour-Thymio..\"><\/object><a id=\"wp-block-file--media-57c3860a-817e-45cf-9963-e194a535d814\" href=\"https:\/\/brunel.tech\/wp-content\/uploads\/2022\/04\/Beebot-mode-pour-Thymio.pdf\">Beebot-mode-pour-Thymio<\/a><a href=\"https:\/\/brunel.tech\/wp-content\/uploads\/2022\/04\/Beebot-mode-pour-Thymio.pdf\" class=\"wp-block-file__button\" download aria-describedby=\"wp-block-file--media-57c3860a-817e-45cf-9963-e194a535d814\">T\u00e9l\u00e9charger<\/a><\/div>\n\n\n\n<div data-wp-interactive=\"core\/file\" class=\"wp-block-file\"><object data-wp-bind--hidden=\"!state.hasPdfPreview\" hidden class=\"wp-block-file__embed\" data=\"https:\/\/brunel.tech\/wp-content\/uploads\/2022\/04\/Programme-Thymio-Beebot.pdf\" type=\"application\/pdf\" style=\"width:100%;height:600px\" aria-label=\"Contenu embarqu\u00e9 Contenu embarqu\u00e9 Programme-Thymio-Beebot..\"><\/object><a id=\"wp-block-file--media-1973dc32-959d-40d3-a869-3ec49b86ec49\" href=\"https:\/\/brunel.tech\/wp-content\/uploads\/2022\/04\/Programme-Thymio-Beebot.pdf\">Programme-Thymio-Beebot<\/a><a href=\"https:\/\/brunel.tech\/wp-content\/uploads\/2022\/04\/Programme-Thymio-Beebot.pdf\" class=\"wp-block-file__button\" download aria-describedby=\"wp-block-file--media-1973dc32-959d-40d3-a869-3ec49b86ec49\">T\u00e9l\u00e9charger<\/a><\/div>\n","protected":false},"excerpt":{"rendered":"<p>Pour trouver Thymio Suite &#8230;. Un PPN qui est all\u00e9 \u00e0 la Finale RobocupJunior avec des maternelles Thymio en Maternelle Thymio \u00e0 l&rsquo;Ecole Primaire et Coll\u00e8ge Des programmes \u00e0 la pelle &#8230; Trouver son \u00e9quilibre 2. Equilibre sur une balle 3. Suivre une ligne 4. Tracer un carr\u00e9 5. Explorateur Transformer Thymio en Beebot<\/p>\n","protected":false},"author":1,"featured_media":0,"parent":0,"menu_order":0,"comment_status":"closed","ping_status":"closed","template":"","meta":{"site-sidebar-layout":"default","site-content-layout":"default","ast-site-content-layout":"default","site-content-style":"default","site-sidebar-style":"default","ast-global-header-display":"","ast-banner-title-visibility":"","ast-main-header-display":"","ast-hfb-above-header-display":"","ast-hfb-below-header-display":"","ast-hfb-mobile-header-display":"","site-post-title":"","ast-breadcrumbs-content":"","ast-featured-img":"","footer-sml-layout":"","ast-disable-related-posts":"","theme-transparent-header-meta":"default","adv-header-id-meta":"","stick-header-meta":"","header-above-stick-meta":"","header-main-stick-meta":"","header-below-stick-meta":"","astra-migrate-meta-layouts":"default","ast-page-background-enabled":"default","ast-page-background-meta":{"desktop":{"background-color":"","background-image":"","background-repeat":"repeat","background-position":"center center","background-size":"auto","background-attachment":"scroll","background-type":"","background-media":"","overlay-type":"","overlay-color":"","overlay-opacity":"","overlay-gradient":""},"tablet":{"background-color":"","background-image":"","background-repeat":"repeat","background-position":"center center","background-size":"auto","background-attachment":"scroll","background-type":"","background-media":"","overlay-type":"","overlay-color":"","overlay-opacity":"","overlay-gradient":""},"mobile":{"background-color":"","background-image":"","background-repeat":"repeat","background-position":"center center","background-size":"auto","background-attachment":"scroll","background-type":"","background-media":"","overlay-type":"","overlay-color":"","overlay-opacity":"","overlay-gradient":""}},"ast-content-background-meta":{"desktop":{"background-color":"var(--ast-global-color-5)","background-image":"","background-repeat":"repeat","background-position":"center center","background-size":"auto","background-attachment":"scroll","background-type":"","background-media":"","overlay-type":"","overlay-color":"","overlay-opacity":"","overlay-gradient":""},"tablet":{"background-color":"var(--ast-global-color-5)","background-image":"","background-repeat":"repeat","background-position":"center center","background-size":"auto","background-attachment":"scroll","background-type":"","background-media":"","overlay-type":"","overlay-color":"","overlay-opacity":"","overlay-gradient":""},"mobile":{"background-color":"var(--ast-global-color-5)","background-image":"","background-repeat":"repeat","background-position":"center center","background-size":"auto","background-attachment":"scroll","background-type":"","background-media":"","overlay-type":"","overlay-color":"","overlay-opacity":"","overlay-gradient":""}},"footnotes":""},"class_list":["post-924","page","type-page","status-publish","hentry"],"_links":{"self":[{"href":"https:\/\/brunel.tech\/index.php\/wp-json\/wp\/v2\/pages\/924","targetHints":{"allow":["GET"]}}],"collection":[{"href":"https:\/\/brunel.tech\/index.php\/wp-json\/wp\/v2\/pages"}],"about":[{"href":"https:\/\/brunel.tech\/index.php\/wp-json\/wp\/v2\/types\/page"}],"author":[{"embeddable":true,"href":"https:\/\/brunel.tech\/index.php\/wp-json\/wp\/v2\/users\/1"}],"replies":[{"embeddable":true,"href":"https:\/\/brunel.tech\/index.php\/wp-json\/wp\/v2\/comments?post=924"}],"version-history":[{"count":15,"href":"https:\/\/brunel.tech\/index.php\/wp-json\/wp\/v2\/pages\/924\/revisions"}],"predecessor-version":[{"id":1544,"href":"https:\/\/brunel.tech\/index.php\/wp-json\/wp\/v2\/pages\/924\/revisions\/1544"}],"wp:attachment":[{"href":"https:\/\/brunel.tech\/index.php\/wp-json\/wp\/v2\/media?parent=924"}],"curies":[{"name":"wp","href":"https:\/\/api.w.org\/{rel}","templated":true}]}}